reatest common factor of 7 and i?
7
Let k be 1*(1 + 2) + 16/(-8). Calculate the greatest common divisor of 33 and k.
1
Let x(b) = 12*b**2 - 12. Let f(u) = 2*u - 18. Let t be f(7). Let j be x(t). What is the greatest common divisor of j and 36?
36
Let g(m) = -6*m - 56. Let p be g(-10). Calculate the highest common divisor of 26 and p.
2
Let b be (-2)/7 - (-114)/7. Let f be (-112)/(-11) + (-2)/11. Let u = f - 6. Calculate the highest common factor of b and u.
4
Let h be 3/(12*(-4)/(-1440)). What is the highest common factor of 18 and h?
18
Suppose -3*x - 16 = -2*d + 17, -5*x + 55 = 4*d. Suppose 722 = 5*q - 103. What is the greatest common divisor of d and q?
15
Let i(g) = 4*g + 2. Let w be i(5). Let v = -8 + w. Calculate the highest common factor of v and 154.
14
Suppose 3*x + 464 - 905 = 0. What is the highest common divisor of 105 and x?
21
Let k(y) = -60*y - 177. Let b be k(-4). Calculate the highest common factor of b and 12.
3
Let b(h) = 24*h - 36. Let f be b(8). What is the highest common factor of f and 130?
26
Suppose 2*t + 4 = 0, 0*r = 3*r - 3*t - 222. Calculate the greatest common factor of r and 27.
9
Let z be (-44 - 3)*1/(-1) - -5. What is the greatest common divisor of z and 12?
4
Suppose -10 = -0*i - 2*i. Suppose i*z + 2*u - 141 = -1, -3*u = -2*z + 37. Calculate the highest common factor of z and 65.
13
Let u(g) = 5 + 3 - 20*g + 6 + 2. Let x be u(-4). Let o = 22 - 10. Calculate the greatest common divisor of x and o.
12
Suppose v = -s - 3, 2*s = -2*v - 2*s - 14. Let n be v - (16/24)/(4/(-18)). What is the highest common factor of 1 and n?
1
Let f be (436/(-5))/(-1 + (-27)/(-45)). What is the greatest common divisor of f and 763?
109
Suppose -189 = -w - 3*m, 3*m = 1 + 8. Let k be ((-4)/3)/(3/(-45)). Calculate the highest common factor of w and k.
20
Suppose 3*s = -6, 0*v + 458 = 3*v - 4*s. Calculate the highest common factor of v and 120.
30
Let o be 44/3 - (-28)/21. Calculate the greatest common factor of 48 and o.
16
Let a be ((-405)/10)/(3*(-5)/260). Calculate the highest common factor of 156 and a.
78
Let i(m) = -m**2 - 71*m + 84. Let d be i(-69). Calculate the highest common divisor of 1036 and d.
74
Let t be (-2)/(-5) + (-73)/(-5). Let k = 43 + -43. Suppose 121*d - 124*d + 180 = k. What is the greatest common divisor of d and t?
15
Let f = 72 + 20. What is the highest common divisor of 138 and f?
46
Suppose 14 = a - 9. Let l = a + 2. Let s = l - 16. Calculate the highest common divisor of s and 9.
9
Let r be (-2 - -1)*(-3 + -2). Let o(q) = 1 - 6*q + 8 + r*q. Let u be o(7). What is the highest common divisor of u and 2?
2
Suppose g + 2*b = 578, -4*g + 2292 = 22*b - 24*b. Calculate the greatest common divisor of 14 and g.
14
Let v(p) = 2*p + 150. Let s be v(0). Let i be (-4)/(-3)*s/4. Suppose i = 8*f - 3*f. What is the greatest common factor of f and 70?
10
Let q be (-2)/((-7)/(385/10)). What is the highest common divisor of 11 and q?
11
Suppose -4*h = -3*h. Suppose -3*l = -2*l + 2, -a - 3*l + 5 = h. What is the highest common factor of 33 and a?
11
Let d(p) = p**3 - 14*p**2 - 25*p + 14. Let c be d(17). Let m = c + -236. Let l be 1*8/(-6)*-15. What is the greatest common factor of l and m?
20
Suppose -2*v = 2*v - 80. Let c be 420 - -1 - 2 - (-3 + 0). Let u = 602 - c. Calculate the highest common divisor of v and u.
20
Suppose -10*r = -9*r + 240. Let t be r*-3*(-1)/(-4). Calculate the highest common divisor of t and 20.
20
Let l = -112 - -202. Suppose -5*z = 2*w - l, -3*w - 3*z = -z - 135. What is the highest common factor of w and 15?
15
Let z(m) be the first derivative of -m**2/2 + m - 8. Let n be z(-4). Let a = 88 + -33. Calculate the greatest common factor of a and n.
5
Let w be (-40)/(2 - -2) + 4 + 76. What is the highest common divisor of w and 130?
10
Let u = 244 + -208. Let x(i) = -i**3 - 6*i**2 + 7*i. Let s be x(-8). What is the greatest common divisor of s and u?
36
Let d = -107 - -157. Let m(g) = g**2 - 1. Let t be m(1). Suppose t*s + 60 = 6*s. What is the highest common divisor of s and d?
10
Let y = -32 + 37. Suppose -2*f + 12 = -3*f + y*d, -f - 4*d + 15 = 0. Calculate the highest common factor of f and 33.
3
Let h(c) = c + 5. Let m be h(-3). Let r = -1635 - -1637. Suppose -3*k + m*k + 3*x = -13, -r*k - 18 = 5*x. Calculate the greatest common factor of k and 1.
1
Suppose -3*h = -4*o + 4121, 5*o = 5*h - 9*h + 5190. Calculate the highest common divisor of o and 44.
22
Let f = -66 - -156. Suppose 9*u - 15*u + f = 0. Calculate the highest common divisor of u and 120.
15
Suppose -36 = -5*v + 9. Suppose 386 = 6*h + 314. What is the greatest common factor of v and h?
3
Let y(n) = 3*n**2 - 15*n - 5. Let g be y(7). Suppose -2*a + c = 6*c - 61, 0 = a - 4*c - g. Calculate the greatest common factor of a and 231.
33
Let z(v) = 2*v**2 - 3*v + 3. Let u(w) = w**3 - 12*w**2 - 14*w. Let y be u(13). Let h = y + 16. Let f be z(h). What is the greatest common divisor of f and 60?
12
Let x(r) = -r + 28. Let y be (3/6)/(4/(7*16)). Let f be x(y). Calculate the highest common factor of 112 and f.
14
Suppose 0 = 5*c + 3*g - 132, 2*g - g + 20 = c. What is the highest common factor of 40 and c?
8
Let a = 61 - 46. Suppose a*u = 12*u + 36. Calculate the highest common divisor of 6 and u.
6
Suppose -8*y + 108 - 36 = 0. Suppose -3*a + 3*n = -216, n + 219 - y = 3*a. Let b = -45 - -91. Calculate the greatest common factor of a and b.
23
Let a be (-204)/((-12)/(-2)) - -7. Suppose 0 = 3*d - 51 - 90. Let t = d + a. Calculate the greatest common factor of t and 80.
20
Let s(n) = n + 7. Let d(o) = -o**2 - 14*o - 19. Let r be d(-13). Let i be s(r). Calculate the greatest common factor of 11 and i.
1
Let b(j) = -j - 31. Let i be b(0). Let w = 45 + i. Calculate the highest common factor of w and 77.
7
Let s(a) = -a + 1. Let n be s(1). Let v be (-2 - 4) + (n - -3). Let p be 3/(0 + v/(-2)). What is the greatest common divisor of 22 and p?
2
Let y(v) = -31*v + 73. Let b be y(-2). What is the highest common factor of 60 and b?
15
Let u(r) = -r**3 + 6*r**2 - 7*r + 5. Let t be u(5). Let q = t - -54. Let x(c) = -2*c + 25. Let f be x(9). Calculate the greatest common divisor of f and q.
7
Let v = -109 - -157. Let t = 37 + -53. Let l = 0 - t. What is the greatest common divisor of v and l?
16
Let s = -65 + 70. Suppose s*f = 4*a + 1, 0 = -3*f - 0 + 3. Calculate the greatest common divisor of a and 11.
1
Suppose 2*a + 74 = g - 0*a, -4*g + 5*a + 299 = 0. Suppose -87*z = -84*z - 171. Calculate the greatest common factor of g and z.
19
Let d = -96 - -195. Suppose 8*p = 3*p + 50. Let q be ((-12)/p)/((-4)/30). Calculate the highest common factor of d and q.
9
Let z be 3/4*(-56)/(-21) - -8. Calculate the greatest common divisor of 290 and z.
10
Suppose 11*y = 581 + 794. What is the highest common divisor of 10 and y?
5
Let j be (-7 + 3)*65/(-20). What is the greatest common factor of j and 65?
13
Let i be 770 + 12/(-9) + 8/6. What is the greatest common factor of 35 and i?
35
Let c = -410 + 426. Suppose -5 = -2*r + 2*n - 1, r + 2 = 3*n. What is the highest common divisor of c and r?
4
Let m be (14/(-6))/((-7)/18). Calculate the highest common factor of m and 27.
3
Let s = 3199 - 2191. Suppose -3*t + s = 6*t. Calculate the highest common factor of t and 14.
14
Let w be 8/5 + (-6)/(-15). Suppose 0 = w*m - 41 - 31. Suppose 0 = -2*j - 13 + 25. Calculate the greatest common divisor of j and m.
6
Let p be ((-19 + -1)*-1)/(45 - 44). Let u be p - (1 - (2 + -1)). What is the greatest common divisor of 50 and u?
10
Let t(i) = 132*i - 561. Let b be t(9). Calculate the greatest common divisor of b and 77.
11
Let b = -125 - -195. Suppose 4 = -5*g + 49. Suppose 1 = f - g. Calculate the greatest common divisor of f and b.
10
Suppose 4*d - d + 4*c = 1692, 3*d - 4*c - 1692 = 0. Calculate the highest common factor of d and 12.
12
Let c be -17424 - (-8 + 4/1). Let l be c/220 - 4/(-22). Let x be l/(-4) - 3/(-12). What is the greatest common divisor of x and 8?
4
Suppose z = -81 + 113. Let f = 11 - 6. Suppose -3*r + f + 7 = 0. Calculate the greatest common factor of z and r.
4
Let q(c) = 111*c - 1. Let p be q(1). Suppose -17*o + 60 + 110 = 0. What is the highest common factor of p and o?
10
Let g(u) = 9*u**3 + 2*u**2 - 2*u + 2. Let a be g(1). Calculate the highest common factor of a and 25